et n = 7834 - 7546. What is the greatest common divisor of 900 and n?
36
Let x be (-80)/(1 + 6/(-4)). Let l(k) = -31*k - 52. Let m be l(-2). What is the greatest common divisor of x and m?
10
Suppose -4668 = -40*c - 44*c + 4068. Calculate the greatest common divisor of 1170 and c.
26
Let i = 765 + -754. What is the highest common factor of 2167 and i?
11
Let d be 0 - (-7 + 1) - 1. Suppose 3*i + 3*f = 615 - 222, -4*f - 36 = 0. What is the greatest common factor of i and d?
5
Let s(v) = -2*v**3 + 130*v**2 - 119*v. Let u be s(64). What is the highest common divisor of 450 and u?
18
Let j(r) = r**3 + 2*r**2 + 6. Suppose 15*x = -5*x. Let k be j(x). Calculate the greatest common divisor of 57 and k.
3
Let o(y) = 3*y**2 - 71*y - 1400. Let x be o(-22). Calculate the highest common divisor of 18 and x.
6
Let s(c) = -6*c - 6. Let q be s(-7). Let l(t) = -t**3 - t**2 + t - 306. Let r be l(0). Let n = -126 - r. Calculate the greatest common factor of n and q.
36
Let v be (33/(-231))/((-2)/14). Let y(u) = 10*u**2 + 19*u - 18. Let l be y(v). Calculate the highest common divisor of 99 and l.
11
Suppose 5*z = z. Suppose 2*l = q - 5, -5*q + l - 25 + 95 = z. Suppose -5 = -2*x + 5. Calculate the highest common divisor of q and x.
5
Suppose 172 - 72 = 10*m. Let a = -4 + -6. Let o be a*1*(-2 - -1). What is the greatest common factor of m and o?
10
Let j = -168 - -183. Let h be 186 - (25/j)/(-5)*9. Suppose -z - 2*x + x = -28, 2*z + x = 55. Calculate the greatest common divisor of h and z.
27
Suppose -5*c - 179 = 5*k - 629, -544 = -6*k - 4*c. Calculate the highest common divisor of 4094 and k.
46
Let y be (2 + -4)*(-93)/(-124)*-28. Let f = 233 - 135. Calculate the greatest common factor of y and f.
14
Let f = 33 + -31. Let o(h) = h**3 - 2*h - h + 6 - f*h - 3*h**2. Let k be o(5). Calculate the greatest common divisor of k and 31.
31
Let f = 605 - 550. Let m = -1 + 12. Calculate the greatest common factor of f and m.
11
Let x(d) = 16*d**2 - 835*d - 198. Let i be x(57). Calculate the highest common divisor of i and 33.
33
Suppose -1464 = -16*k + 10*k. Suppose -3*l + l - 5*w = -k, 2*w + 328 = 3*l. Let j(g) = 7*g + 2. Let h be j(2). What is the highest common divisor of h and l?
16
Let v(p) = 2*p**2 - 22*p + 33. Let x be v(9). Let y(n) = -n**3 - 4*n**2 - 4*n + 5. Let l be y(x). Calculate the highest common divisor of l and 1.
1
Let o be 2123/17 - 2/(-17). Let f be (o/100)/(1/148). What is the highest common divisor of f and 10?
5
Let a = 804 + -798. Suppose b - 5*f + a = -3*f, 5*b = -4*f + 40. What is the greatest common factor of 16 and b?
4
Suppose -m + 0*m - 2 = -4*q, -5*m - 5*q + 115 = 0. Let g be (-12)/(-18) - (-4200)/m. Calculate the highest common factor of 18 and g.
18
Let z(b) = 1287*b. Let d be z(1). Suppose 0 = -13*r + 4*r + d. What is the highest common factor of r and 13?
13
Suppose -14*j - 1304 = -6*j. Let m = j + 223. Calculate the greatest common factor of m and 480.
60
Let c(b) = -3*b**2 - b. Let i(o) = -34*o**2 - 20*o + 60. Let u(z) = c(z) - i(z). Let w be u(4). Calculate the greatest common divisor of w and 192.
64
Let r be 6/(-21) - (-233)/7. Let o = -113 - -423. Suppose -5*m = -5*a - o, -3*m + 2*a = a - 194. Calculate the greatest common divisor of r and m.
33
Suppose 1318 = -10*w - 542. Let x be (-16)/(-6)*(w/(-8) - -3). Let b be (10/(-12))/(-1)*(4 + 2). Calculate the highest common divisor of x and b.
5
Let o(j) = -j**2 + 40*j - 147. Let f be o(33). Calculate the highest common factor of f and 108.
12
Suppose -5*s = -5*i + 2*i - 1013, 0 = 3*i + s + 1043. Let h = i - -506. Calculate the highest common divisor of h and 5.
5
Let x(p) = 1293*p - 7737. Let a be x(6). Suppose 3*m - 2*r - 174 = -0*r, 3*m + 3*r - 159 = 0. Calculate the greatest common divisor of m and a.
7
Let u(l) = 31*l + 1. Suppose 2*o = -4*v, 0 = -4*v + 2*v - 5*o + 8. Let d be u(v). Let s = d - -55. Calculate the greatest common divisor of s and 5.
5
Let a be -5 + 27 + (-10 - (3 + -7)). What is the greatest common divisor of 92 and a?
4
Let k be 3565592/72 + (-82)/738. Calculate the highest common divisor of 22 and k.
22
Let w be (-13)/(19/(-9) + 2). Suppose 195 = -67*o + 82*o. Calculate the greatest common factor of w and o.
13
Suppose 31*o - 555149 - 556465 = -7*o. Calculate the highest common factor of 49 and o.
49
Let w be 1 + -3 + 7 + 9. Let l = -16 + 18. Suppose -b - 4*d = d - 141, -6 = -l*d. Calculate the highest common divisor of w and b.
14
Suppose -23*u = -18*u - b - 415, -4*b = u - 104. Calculate the highest common factor of 63 and u.
21
Suppose 0 = 5*j + 2*s - s + 13285, 13255 = -5*j + 5*s. Let q = -1143 - j. What is the highest common factor of 17 and q?
17
Suppose -1234*h + 1275*h - 37556 = 0. What is the greatest common factor of h and 2519?
229
Suppose -7*u = -5*r - 6*u + 671, 3*u = -3*r + 399. Calculate the greatest common factor of r and 3350.
134
Let r(x) = x**3 - 6*x**2 - 1. Let d be r(9). Suppose 6*o = -d - 592. Let s = o - -165. What is the highest common factor of 208 and s?
26
Suppose -y + 423 = 4*w, -16*w - 3*y - 411 = -20*w. What is the greatest common divisor of w and 145?
5
Suppose 4*p + 8 = 60. Let d = p - 0. Suppose 22 = 15*c - d*c. Calculate the greatest common factor of 11 and c.
11
Let i = 12 - -11. Let y = 674 + -407. Let m = y + -129. Calculate the highest common divisor of i and m.
23
Let j(k) = 890*k**2 + 40*k + 128. Let u be j(-4). Calculate the greatest common factor of u and 37.
37
Let b be 197 + (7 + -3 + -5)*-1. What is the highest common divisor of 1683 and b?
99
Let y(h) = -h**3 - 25*h**2 + h + 15. Let f be y(-25). Let u(x) = -x**3 - 11*x**2 - 9*x + 14. Let c be u(f). Calculate the greatest common factor of 56 and c.
4
Let z = -124 - 4172. Let d be (2 - 1)/((-3)/z). Let l be d/32 + (-6)/8. Calculate the greatest common divisor of 11 and l.
11
Suppose 0 = -s - 4*a + 1833, 56*s = 60*s + 2*a - 7318. Calculate the greatest common factor of s and 93.
31
Let l = 3 + 1. Suppose -l*p = -235 + 43. Let u(j) = -21*j - 99. Let y be u(-7). Calculate the greatest common divisor of y and p.
48
Suppose g - 2*g + 5*w + 551 = 0, 4*w = 2*g - 1120. Let d(h) = -237*h - 2. Let y be d(-4). Suppose -g - y = -9*v. What is the highest common divisor of v and 24?
24
Let r = 12163 + -11910. What is the highest common factor of r and 55?
11
Let u = 31533 - 31311. What is the highest common factor of 30 and u?
6
Let f be ((2 + 5)*-2)/((-178)/1246). What is the greatest common divisor of 735 and f?
49
Suppose -5*o + 1649 = 2*f, o - 50 - 291 = -2*f. Calculate the highest common divisor of 5995 and o.
109
Suppose 5*k - 1391 = -3*u, 7*k - 4*k = -4*u + 1873. Suppose -4*o - 2*t + 472 = 0, -12*o + 8*o + u = -2*t. Calculate the highest common factor of 295 and o.
59
Let z = 94 - 91. Suppose 0 = 4*p - 0*p - 12. Suppose 44 = p*y - 4*g, 0*g = 4*g + 8. What is the greatest common factor of z and y?
3
Let l(v) = -19*v**2 - 348*v + 22. Let h be l(-18). Let a(p) = p + 44. Let g be a(6). What is the greatest common factor of g and h?
10
Suppose -15 = 3*v, -4*u + v = -3*u - 5. Suppose u = -5*p - 5*g + 95, 0 = -p - g + 6*g - 11. Calculate the greatest common divisor of 504 and p.
14
Suppose -3*b - 2*t + 2941 = 0, -87*b - 981 = -88*b - t. What is the greatest common factor of 623 and b?
89
Let c(j) = -3*j**3 - 40*j**2 + 8*j + 17. Let n be c(-14). Suppose -197 = 4*v - n. Calculate the greatest common divisor of v and 1.
1
Suppose -3*g + 36180 = -0*g + 5*n, g - 12082 = 2*n. Calculate the greatest common factor of g and 85.
85
Let i be (-4)/(1 + -3)*-1. Let w(b) = b**3 - 36*b**2 + 130*b - 63. Let n be w(32). Let z be 1 - (i + n) - -1*23. What is the highest common factor of z and 10?
5
Suppose 972 = 28*n - n. Suppose -2*h + 5*h - n = 0. What is the highest common factor of 6 and h?
6
Let s be (72/30 + 3 + -5)*35. Let n(w) = 28*w - 41. Let m be n(s). Calculate the highest common factor of m and 13.
13
Let g = -6003 + 6243. Let h(t) = -61*t**3 + t. Let m be h(-1). Calculate the highest common factor of m and g.
60
Suppose 21*c = 23*c - 2*r - 16612 - 1340, 2*r = 0. What is the greatest common divisor of 12 and c?
12
Suppose 4*p + 20*j + 32 = 0, -28*p + 5*j - 14 = -30*p. Calculate the greatest common divisor of p and 294.
2
Let h be ((-111)/(-15) - 5)/(2/(-10)). Let d be h/2 - (-3 - -3). Let s